 526 = -z*t, 2 = -2*t. List the prime factors of m.
2, 11
Let d be 8/((-32)/(-1996)) - 2*2. Let o = d + -329. What are the prime factors of o?
2, 83
Let h be (-608)/(-60) - 16/120. Suppose -9*l + h = -4*l. Suppose 0 = l*q, 4*q = 5*d - d - 860. List the prime factors of d.
5, 43
Let k be 5 - 4 - (-3)/(-1)*-1. Suppose -6*x - 2*y = -4*x + 58, -k*x - 106 = 2*y. What are the prime factors of x/(-3 - 55/(-20))?
2, 3
Let q(h) = 486*h**2 - 4*h - 4. Let y be q(-1). Suppose 4*o + 2*l - y = 0, -3*l + 3 = -0. What are the prime factors of o?
11
Suppose -5*w = 4*x - 2*x - 105143, 2*w = 3*x - 157762. List the prime factors of x/392*(6 + 1).
3, 313
Let d(c) be the first derivative of c**3 + 23*c**2/2 + 22*c + 9. List the prime factors of d(-15).
2, 11
Suppose 65 = -5*f + 670. Let t = -128 + f. What are the prime factors of t/(-2)*3*344/12?
7, 43
Let v(s) = s**3 - 3*s**2 - 8*s - 12. Let c be v(6). What are the prime factors of c/((4/32)/((-5)/(-6)))?
2, 5
Let p = 70 - -47. Suppose 4*u + 5*k + 446 = 0, -3*k = -2*u - 351 + p. Let n = -71 - u. List the prime factors of n.
43
Let u(y) = -y**3 - 14*y**2 - 13*y - 28. Let i(q) = -q**3 - 13*q**2 - 14*q - 28. Let j(m) = 3*i(m) - 4*u(m). List the prime factors of j(-15).
2, 41
Let a(p) = -p**3 + 39*p**2 + 2*p - 74. Let v be a(39). Suppose -v*l + 2085 = 5*w - 5*l, 1259 = 3*w + l. What are the prime factors of w?
2, 11, 19
Let q = -7641 + 19438. List the prime factors of q.
47, 251
Suppose 46*r - 24 = 38*r. List the prime factors of 784/4 - (36/(-2))/r.
2, 101
Let s(z) = 10*z**2 + 35*z + 634. What are the prime factors of s(-56)?
2, 15017
Let t(x) = -3*x**2 - 11*x + 2. Let u(b) = -b**2 - b + 1. Let q(p) = t(p) - 6*u(p). List the prime factors of q(7).
2, 3
Suppose 4*f - 3*f = 42. Let v = f + -38. Suppose -u + 2*u - 3*a = 93, -v*u = -3*a - 345. List the prime factors of u.
2, 3, 7
Let j = 163 - 161. Suppose 1736 = 4*x - 4*w, j*x + w - 1716 = -2*x. What are the prime factors of x?
2, 5, 43
Suppose 0 = g + 2*c - 5*c + 7, -c = -2*g + 6. Suppose g*t = -3*f + f + 3323, -t + 647 = -4*f. What are the prime factors of t?
3, 13, 17
Suppose -7*k = -10*k. Suppose 29 = -k*y - y. Let p = 89 + y. List the prime factors of p.
2, 3, 5
Suppose -29 = 4*t - 5*t. Let d = t - 35. Let f(g) = g**3 + 6*g**2 - 5*g - 7. List the prime factors of f(d).
23
Suppose -k = 3*q - 175935, 17967 = -q - 2*k + 76602. What are the prime factors of q?
3, 113, 173
Suppose -1123 - 329 = -12*f. Let m = 266 - f. Suppose 4*j + 5*v = 580, j - m = -4*v + 3*v. What are the prime factors of j?
5, 29
Suppose 79 = -3*i + 4*f - 0, 5*f - 30 = i. Let l be (-14)/(i/42 - (-15)/35). Suppose -4*a = -2*u + 142 + l, -4*a - 460 = -4*u. What are the prime factors of u?
3, 13
Let j = 21780 + -10877. What are the prime factors of j?
10903
Suppose 0 = 64*w - 68*w + 7700. Suppose 0 = -64*n + 75*n - w. What are the prime factors of n?
5, 7
Let o be 29*((-4)/(-8))/((-2)/(-4)). Suppose -x - 5 = m + 6, -2*x - o = 3*m. Let y = m - -77. What are the prime factors of y?
2, 5, 7
Let z(i) = 322*i**2 - 390*i - 31. List the prime factors of z(8).
3, 11, 23
Let v(m) = -147*m**2 + 2*m - 1. Let b be v(1). Let h = -88 - b. Suppose p - 150 = -h. List the prime factors of p.
2, 23
Suppose -77*m + 88*m = -44. Let l(r) = -141*r + 14. What are the prime factors of l(m)?
2, 17
Let a = 31256 - 21008. What are the prime factors of a?
2, 3, 7, 61
Suppose 3*d - v = 75696 - 15379, -4*d + 80410 = 5*v. List the prime factors of d.
5, 4021
Suppose -2*k + 3 = 7, -t + 3*k = -8. Suppose 7*l - 2*l + t*q = 13, 0 = 3*l + 3*q - 15. List the prime factors of 92/(3*2/6*l).
2, 23
Let d = 22827 + -12728. List the prime factors of d.
10099
Let x = 5 - 2. Let n(u) be the first derivative of 16*u**3/3 - 5*u**2/2 - 1833. What are the prime factors of n(x)?
3, 43
Let r(s) = s**2 + 5*s + 3. Let q be r(-5). Suppose -25 - 80 = -35*f. Suppose q*t - l - 286 = 3*l, f*l - 104 = -t. List the prime factors of t.
2, 7
Suppose -5*j = -2*z + 19663 + 1537, -4*z - 2*j = -42376. What are the prime factors of z?
5, 13, 163
Suppose 2*s - 22 = -3*h + 6*s, s + 48 = 5*h. Let w be h*12*(-3)/(3*-2). What are the prime factors of 8/(1/w*3)?
2, 5
Suppose -5840 = -6*y + 2*y. Suppose -y + 415 = -19*q. What are the prime factors of q?
5, 11
Let t = -54 - -58. Suppose c - t = -0*c. Suppose 370 = 5*o + 5*v, -187 - 69 = -4*o + c*v. What are the prime factors of o?
3, 23
Let k = 12 - 4. Suppose -9*x - 248 = -5*p - 5*x, -5*p - 5*x = -275. Let o = p + k. What are the prime factors of o?
2, 3, 5
Let b = 30971 + -21059. List the prime factors of b.
2, 3, 7, 59
Suppose 12 + 6 = -9*b. Let o be ((-12)/4)/(0 + -1 - b). What are the prime factors of (-153)/27*o*7?
7, 17
Suppose 2*f - 3*f + 43 = -s, 0 = 3*s + 3. Suppose f + 48 = 5*z. What are the prime factors of 0 + ((-6)/(-4))/(z/600)?
2, 5
Let u(t) be the first derivative of 7*t**2/2 + 6*t - 3. Let m be -1*(7*1)/(5 + -6). What are the prime factors of u(m)?
5, 11
Suppose 20*n - 3432921 = -40*n - 153*n. List the prime factors of n.
71, 227
Let z(u) = 285*u + 4038. What are the prime factors of z(7)?
3, 2011
Let o = -60574 - -110690. List the prime factors of o.
2, 11, 17, 67
Let c = 1 - -1. Let x(o) = -o. Let j be x(c). What are the prime factors of 3 - (4/(-5))/(j/(-30))?
3, 5
Let x = 23 - 21. Suppose -4*i - w + 21 = -2*w, 2*i + x*w = -2. Suppose i*b + 3*p = 93, -5*b + 2*b + 3*p + 96 = 0. What are the prime factors of b?
3
Let u = 128 + -131. Let q be (20/(-6) - u)*134*-3. Let a = q + -90. What are the prime factors of a?
2, 11
Let r = -367 + 368. What are the prime factors of (36/24)/(r/(-1912)*-6)?
2, 239
Suppose 3*r - 264 = -2*k - r, -3*k + 5*r + 418 = 0. Suppose -3*b - 3*g + 372 = 0, 46*b - 45*b - 5*g - k = 0. List the prime factors of b.
2, 3, 7
Let m = 17581 - 7891. List the prime factors of m.
2, 3, 5, 17, 19
Let n(t) = -3*t + 14. Let u(b) = -b**3 + 7*b**2 + 2*b - 15. Let a be u(7). Let k be (-71)/4 + a/4. List the prime factors of n(k).
2, 17
Let d(h) = 91*h**2 + 258*h - 39. What are the prime factors of d(-23)?
2, 29, 727
Let v(y) = -12*y - 241. Let s be v(-19). Let n(x) = x**2 + 20. What are the prime factors of n(s)?
3, 7
Suppose 2*r + 5*u = 2220, -23*u = -28*u. What are the prime factors of r?
2, 3, 5, 37
Let g(j) = j**2 - 23*j + 5. Let z be g(23). Suppose 8*b = -z*b + 2912. What are the prime factors of b?
2, 7
Let j(f) = 2*f**2 - 8*f - 6. Let u be j(5). Suppose -4*h + 23 = 11. Suppose 0 = 6*r - r + i - 714, -u*r = -h*i - 556. What are the prime factors of r?
2, 71
Suppose -3*t = i + 2*i - 6861, 2*i - 4594 = 2*t. Let b = 1158 - i. What are the prime factors of 0 - (-2)/(-5) - b/10?
113
Let d = 145 + 18. Let u = 58 + d. Let i = u - 71. What are the prime factors of i?
2, 3, 5
Let z(g) = -11*g + 126. Let d be z(11). Suppose 1025 = n + 3*k - 5*k, 5*n - 5145 = d*k. What are the prime factors of n?
1033
Let d = -140 - -144. List the prime factors of (-28 + 32)/(d/638).
2, 11, 29
Let y(q) = 4*q + 6 + 4*q + 3*q**2 + 5*q**3 + 0*q. Let c be y(4). Suppose 0 = 5*p - 5*g - 405, 0*p = 5*p - 4*g - c. List the prime factors of p.
2, 41
Suppose -12 = -5*i + i + 2*l, 2*i - 5*l = 6. Suppose -2*n = -n - 3. Suppose i*b + 0 = 5*d + 41, n*b + 5*d - 1 = 0. What are the prime factors of b?
7
Suppose -1818 = -3*n - 11*d + 16*d, 5*d = -2*n + 1187. Let f = -174 + n. List the prime factors of f.
7, 61
Suppose 3*b + 17*x - 55262 = 12*x, -4*b + 5*x = -73741. What are the prime factors of b?
3, 6143
Let t(b) = 9 - 28*b + 32 + 10*b. Suppose 4*u + 193 - 237 = 4*c, 4*c - 5*u + 46 = 0. List the prime factors of t(c).
7, 29
Let g(i) = -7*i**3 - 2*i**2 - 7. Let t be g(3). Let k = -8 - t. List the prime factors of k.
2, 103
What are the prime factors of 0/(-2) + 759753/57?
3, 1481
Let z be 5/(20/4277) - 12/(-16). Suppose -5*b + z = 3*y + 212, 337 = 2*b - 5*y. List the prime factors of b.
3, 19
Suppose -5*p - 3*h + 127054 = 0, 124*h + 101639 = 4*p + 125*h. What are the prime factors of p?
25409
Let j(b) = -b**2 - 14*b + 39. Let m be j(-20). Let d = m + 67. What are the prime factors of ((-6)/d + 17/(-7))*-94?
2, 47
Let y(r) = -10*r**2 + 3*r + 4. Let m(n) = 4 + 13 + 887*n - 874*n - 40*n**2. Let v(x) = 2*m(x) - 9*y(x). What are the prime factors of v(-1)?
3
Let q be 29/5 + (-1)/(-5) + -3. Suppose q*v - 44 - 46 = 0. Let j = v - 12. What are